{"id":109,"date":"2024-01-17T12:25:11","date_gmt":"2024-01-17T11:25:11","guid":{"rendered":"http:\/\/freller-miklos-alapitvany.illyes-dombovar.hu\/?page_id=109"},"modified":"2025-09-08T09:03:52","modified_gmt":"2025-09-08T07:03:52","slug":"jutalmazottak-2","status":"publish","type":"page","link":"http:\/\/freller-miklos-alapitvany.illyes-dombovar.hu\/index.php\/jutalmazottak-2\/","title":{"rendered":"Jutalmazottak"},"content":{"rendered":"\n<p><strong>2025<\/strong><\/p>\n\n\n\n<p>Freller Mikl\u00f3s \u2013 d\u00edjban r\u00e9szes\u00fcltek:<\/p>\n\n\n\n<ul class=\"wp-block-list\">\n<li>Lakatos Luk\u00e1cs a Domb\u00f3v\u00e1ri Illy\u00e9s Gyula Gimn\u00e1zium 12. \u00e9vfolyamos tanul\u00f3ja<\/li>\n\n\n\n<li>Tandi Kl\u00e1ra a Bonyh\u00e1di Pet\u0151fi S\u00e1ndor Gimn\u00e1zium \u00e9s Koll\u00e9gium 11. \u00e9vfolyamos tanul\u00f3ja<\/li>\n\n\n\n<li>Lakatos Levente a Szeksz\u00e1rdi Garay J\u00e1nos Gimn\u00e1zium 9. \u00e9vfolyamos tanul\u00f3ja a Megyei K\u00f6zponti Szakk\u00f6ri teljes\u00edtm\u00e9ny\u00fck alapj\u00e1n. A d\u00edjjal<br>50 000\u2013 100 000 forint p\u00e9nzjutalom j\u00e1rt.<\/li>\n<\/ul>\n\n\n\n<p>Az orsz\u00e1gos verseny eredm\u00e9nyeik alapj\u00e1n \u00e9rt\u00e9kes informatikai t\u00e1rgyjutalomban r\u00e9szes\u00fcltek:<\/p>\n\n\n\n<ul class=\"wp-block-list\">\n<li>Ap\u00e1ti M\u00e1rk 9. \u00e9vfolyamos tanul\u00f3<\/li>\n\n\n\n<li>Geller \u00c1kos 5. n &#8211; es tanul\u00f3<\/li>\n\n\n\n<li>Darabos Rebeka 8. \u00e9vfolyamos tanul\u00f3<\/li>\n\n\n\n<li>De Leeuw Van Weenen Eszter 7. \u00e9vfolyamos tanul\u00f3<\/li>\n<\/ul>\n\n\n\n<p>valamennyien a Domb\u00f3v\u00e1ri Illy\u00e9s Gyula Gimn\u00e1zium tanul\u00f3i.<\/p>\n\n\n\n<p>A d\u00edjak \u00e1tad\u00e1sa 2025. j\u00fanius 28-\u00e1n megt\u00f6rt\u00e9nt a tan\u00e9vz\u00e1r\u00f3 \u00fcnneps\u00e9gen.<\/p>\n\n\n\n<p>A kurat\u00f3rium d\u00f6nt\u00e9se alapj\u00e1n a Freller Mikl\u00f3s Alap\u00edtv\u00e1ny k\u00e9t szakk\u00f6rvezet\u0151 tan\u00e1rnak kieg\u00e9sz\u00edt\u0151 t\u00e1mogat\u00e1st \u00e1llap\u00edtott meg, akik a versenyen val\u00f3 r\u00e9szv\u00e9telre k\u00e9sz\u00edtett\u00e9k fel a di\u00e1kokat.<\/p>\n\n\n\n<p>Az alap\u00edtv\u00e1ny kurat\u00f3riuma az Illy\u00e9s Gyula Gimn\u00e1zium fizika szert\u00e1r\u00e1nak eszk\u00f6zbeszerz\u00e9s\u00e9re 500&nbsp;000 forintot biztos\u00edtott. Az eszk\u00f6zbeszerz\u00e9s megt\u00f6rt\u00e9nt. A v\u00e1s\u00e1rolt eszk\u00f6z\u00f6kkel t\u00f6rt\u00e9n\u0151 fizikai k\u00eds\u00e9rleteket rendszeresen felt\u00f6ltik a gimn\u00e1zium tan\u00e1rai az iskola k\u00f6z\u00f6ss\u00e9gi oldal\u00e1ra.<\/p>\n\n\n\nngg_shortcode_0_placeholder\n\n\n\n<p>___________________________________________________________________________________________<\/p>\n\n\n\n<p><strong>2024<\/strong><\/p>\n\n\n\n<p>Freller Mikl\u00f3s \u2013 d\u00edjban r\u00e9szes\u00fcltek:<\/p>\n\n\n\n<ul class=\"wp-block-list\">\n<li>Gombos D\u00e1niel a Bonyh\u00e1di Pet\u0151fi S\u00e1ndor Evang\u00e9likus Gimn\u00e1zium \u00e9s Koll\u00e9gium 12. \u00e9vfolyamos tanul\u00f3ja<\/li>\n\n\n\n<li>Lakatos Luk\u00e1cs a Domb\u00f3v\u00e1ri Illy\u00e9s Gyula Gimn\u00e1zium 11. \u00e9vfolyamos tanul\u00f3ja Megyei K\u00f6zponti Szakk\u00f6ri teljes\u00edtm\u00e9ny\u00fck alapj\u00e1n. A d\u00edjjal 50 000\u2013 50 000 forint p\u00e9nzjutalom j\u00e1rt.<\/li>\n\n\n\n<li>Ap\u00e1ti M\u00e1rk \u00e9s K\u00e1rp\u00e1ti M\u00e1rton a Bolyai Matematika \u00e9s Term\u00e9szettudom\u00e1nyi Csapatversenyek 10. ill. 2. helyez\u00e9s\u00e9\u00e9rt 60&nbsp;000 &#8211; 60&nbsp;000 Ft p\u00e9nzjutalmat<\/li>\n\n\n\n<li>Pint\u00e9r Nikoletta \u00e9s G\u00e1sp\u00e1r Emma a Bolyai Matematika Csapatversenyen el\u00e9rt 10. helyez\u00e9s\u00e9rt 40&nbsp;000 &#8211; 40&nbsp;000 Ft p\u00e9nzjutalmat<\/li>\n\n\n\n<li>Geller \u00c1kos a Zr\u00ednyi Ilona Matematikaversenyen el\u00e9rt 6. helyez\u00e9s\u00e9rt 50&nbsp;000 Ft p\u00e9nzjutalmat kapott.<\/li>\n<\/ul>\n\n\n\n<p>A d\u00edjak \u00e1tad\u00e1sa 2024. j\u00fanius 21-\u00e9n t\u00f6rt\u00e9nt a tan\u00e9vz\u00e1r\u00f3 \u00fcnneps\u00e9gen.<\/p>\n\n\n\n<p>A kurat\u00f3rium d\u00f6nt\u00e9se alapj\u00e1n a Freller Mikl\u00f3s Alap\u00edtv\u00e1ny h\u00e1rom szakk\u00f6rvezet\u0151 tan\u00e1rnak kieg\u00e9sz\u00edt\u0151 t\u00e1mogat\u00e1st is meg\u00e1llap\u00edtott.<\/p>\n\n\n\n<p>Az alap\u00edtv\u00e1ny kurat\u00f3riuma az Illy\u00e9s Gyula Gimn\u00e1zium fizika szert\u00e1r\u00e1nak eszk\u00f6zbeszerz\u00e9s\u00e9re 315&nbsp;000 forintot biztos\u00edtott. Az eszk\u00f6zbeszerz\u00e9s megt\u00f6rt\u00e9nt.<\/p>\n\n\n\nngg_shortcode_1_placeholder\n","protected":false},"excerpt":{"rendered":"<p>2025 Freller Mikl\u00f3s \u2013 d\u00edjban r\u00e9szes\u00fcltek: Az orsz\u00e1gos verseny eredm\u00e9nyeik alapj\u00e1n \u00e9rt\u00e9kes informatikai t\u00e1rgyjutalomban r\u00e9szes\u00fcltek: valamennyien a Domb\u00f3v\u00e1ri Illy\u00e9s Gyula Gimn\u00e1zium tanul\u00f3i. A d\u00edjak \u00e1tad\u00e1sa 2025. j\u00fanius 28-\u00e1n megt\u00f6rt\u00e9nt a tan\u00e9vz\u00e1r\u00f3 \u00fcnneps\u00e9gen. A kurat\u00f3rium d\u00f6nt\u00e9se alapj\u00e1n a Freller Mikl\u00f3s Alap\u00edtv\u00e1ny k\u00e9t szakk\u00f6rvezet\u0151 tan\u00e1rnak kieg\u00e9sz\u00edt\u0151 t\u00e1mogat\u00e1st \u00e1llap\u00edtott meg, akik a versenyen val\u00f3 r\u00e9szv\u00e9telre k\u00e9sz\u00edtett\u00e9k fel a di\u00e1kokat. Az alap\u00edtv\u00e1ny kurat\u00f3riuma az Illy\u00e9s Gyula Gimn\u00e1zium fizika szert\u00e1r\u00e1nak &hellip; <a href=\"http:\/\/freller-miklos-alapitvany.illyes-dombovar.hu\/index.php\/jutalmazottak-2\/\" class=\"more-link\"><span class=\"screen-reader-text\">Jutalmazottak<\/span> r\u00e9szletei&#8230;<\/a><\/p>\n","protected":false},"author":1,"featured_media":0,"parent":0,"menu_order":0,"comment_status":"closed","ping_status":"closed","template":"","meta":{"ngg_post_thumbnail":0,"footnotes":""},"class_list":["post-109","page","type-page","status-publish","hentry"],"_links":{"self":[{"href":"http:\/\/freller-miklos-alapitvany.illyes-dombovar.hu\/index.php\/wp-json\/wp\/v2\/pages\/109","targetHints":{"allow":["GET"]}}],"collection":[{"href":"http:\/\/freller-miklos-alapitvany.illyes-dombovar.hu\/index.php\/wp-json\/wp\/v2\/pages"}],"about":[{"href":"http:\/\/freller-miklos-alapitvany.illyes-dombovar.hu\/index.php\/wp-json\/wp\/v2\/types\/page"}],"author":[{"embeddable":true,"href":"http:\/\/freller-miklos-alapitvany.illyes-dombovar.hu\/index.php\/wp-json\/wp\/v2\/users\/1"}],"replies":[{"embeddable":true,"href":"http:\/\/freller-miklos-alapitvany.illyes-dombovar.hu\/index.php\/wp-json\/wp\/v2\/comments?post=109"}],"version-history":[{"count":11,"href":"http:\/\/freller-miklos-alapitvany.illyes-dombovar.hu\/index.php\/wp-json\/wp\/v2\/pages\/109\/revisions"}],"predecessor-version":[{"id":230,"href":"http:\/\/freller-miklos-alapitvany.illyes-dombovar.hu\/index.php\/wp-json\/wp\/v2\/pages\/109\/revisions\/230"}],"wp:attachment":[{"href":"http:\/\/freller-miklos-alapitvany.illyes-dombovar.hu\/index.php\/wp-json\/wp\/v2\/media?parent=109"}],"curies":[{"name":"wp","href":"https:\/\/api.w.org\/{rel}","templated":true}]}}

<p><strong>2025</strong></p>



<p>Freller Miklós – díjban részesültek:</p>



<ul class="wp-block-list">
<li>Lakatos Lukács a Dombóvári Illyés Gyula Gimnázium 12. évfolyamos tanulója</li>



<li>Tandi Klára a Bonyhádi Petőfi Sándor Gimnázium és Kollégium 11. évfolyamos tanulója</li>



<li>Lakatos Levente a Szekszárdi Garay János Gimnázium 9. évfolyamos tanulója a Megyei Központi Szakköri teljesítményük alapján. A díjjal<br>50 000– 100 000 forint pénzjutalom járt.</li>
</ul>



<p>Az országos verseny eredményeik alapján értékes informatikai tárgyjutalomban részesültek:</p>



<ul class="wp-block-list">
<li>Apáti Márk 9. évfolyamos tanuló</li>



<li>Geller Ákos 5. n &#8211; es tanuló</li>



<li>Darabos Rebeka 8. évfolyamos tanuló</li>



<li>De Leeuw Van Weenen Eszter 7. évfolyamos tanuló</li>
</ul>



<p>valamennyien a Dombóvári Illyés Gyula Gimnázium tanulói.</p>



<p>A díjak átadása 2025. június 28-án megtörtént a tanévzáró ünnepségen.</p>



<p>A kuratórium döntése alapján a Freller Miklós Alapítvány két szakkörvezető tanárnak kiegészítő támogatást állapított meg, akik a versenyen való részvételre készítették fel a diákokat.</p>



<p>Az alapítvány kuratóriuma az Illyés Gyula Gimnázium fizika szertárának eszközbeszerzésére 500&nbsp;000 forintot biztosított. Az eszközbeszerzés megtörtént. A vásárolt eszközökkel történő fizikai kísérleteket rendszeresen feltöltik a gimnázium tanárai az iskola közösségi oldalára.</p>



ngg_shortcode_0_placeholder



<p>___________________________________________________________________________________________</p>



<p><strong>2024</strong></p>



<p>Freller Miklós – díjban részesültek:</p>



<ul class="wp-block-list">
<li>Gombos Dániel a Bonyhádi Petőfi Sándor Evangélikus Gimnázium és Kollégium 12. évfolyamos tanulója</li>



<li>Lakatos Lukács a Dombóvári Illyés Gyula Gimnázium 11. évfolyamos tanulója Megyei Központi Szakköri teljesítményük alapján. A díjjal 50 000– 50 000 forint pénzjutalom járt.</li>



<li>Apáti Márk és Kárpáti Márton a Bolyai Matematika és Természettudományi Csapatversenyek 10. ill. 2. helyezéséért 60&nbsp;000 &#8211; 60&nbsp;000 Ft pénzjutalmat</li>



<li>Pintér Nikoletta és Gáspár Emma a Bolyai Matematika Csapatversenyen elért 10. helyezésért 40&nbsp;000 &#8211; 40&nbsp;000 Ft pénzjutalmat</li>



<li>Geller Ákos a Zrínyi Ilona Matematikaversenyen elért 6. helyezésért 50&nbsp;000 Ft pénzjutalmat kapott.</li>
</ul>



<p>A díjak átadása 2024. június 21-én történt a tanévzáró ünnepségen.</p>



<p>A kuratórium döntése alapján a Freller Miklós Alapítvány három szakkörvezető tanárnak kiegészítő támogatást is megállapított.</p>



<p>Az alapítvány kuratóriuma az Illyés Gyula Gimnázium fizika szertárának eszközbeszerzésére 315&nbsp;000 forintot biztosított. Az eszközbeszerzés megtörtént.</p>



ngg_shortcode_1_placeholder

<p>2025 Freller Miklós – díjban részesültek: Az országos verseny eredményeik alapján értékes informatikai tárgyjutalomban részesültek: valamennyien a Dombóvári Illyés Gyula Gimnázium tanulói. A díjak átadása 2025. június 28-án megtörtént a tanévzáró ünnepségen. A kuratórium döntése alapján a Freller Miklós Alapítvány két szakkörvezető tanárnak kiegészítő támogatást állapított meg, akik a versenyen való részvételre készítették fel a diákokat. Az alapítvány kuratóriuma az Illyés Gyula Gimnázium fizika szertárának &hellip; <a href="http://freller-miklos-alapitvany.illyes-dombovar.hu/index.php/jutalmazottak-2/" class="more-link"><span class="screen-reader-text">Jutalmazottak</span> részletei&#8230;</a></p>
