{"id":121,"date":"2024-01-17T12:39:21","date_gmt":"2024-01-17T11:39:21","guid":{"rendered":"http:\/\/freller-miklos-alapitvany.illyes-dombovar.hu\/?page_id=121"},"modified":"2024-02-28T11:24:51","modified_gmt":"2024-02-28T10:24:51","slug":"az-alapitvany-nevadoja","status":"publish","type":"page","link":"http:\/\/freller-miklos-alapitvany.illyes-dombovar.hu\/index.php\/az-alapitvany-nevadoja\/","title":{"rendered":"Az Alap\u00edtv\u00e1ny n\u00e9vad\u00f3ja"},"content":{"rendered":"\n<p><strong>A Freller Mikl\u00f3s Alap\u00edtv\u00e1ny n\u00e9vad\u00f3j\u00e1nak r\u00f6vid \u00e9letrajza<\/strong><\/p>\n\n\n\n<p>Freller Mikl\u00f3s a Nagyat\u00e1don t\u00f6lt\u00f6tt gyermek- \u00e9s di\u00e1k\u00e9veket k\u00f6vet\u0151en 1964 \u00e9s 1969 k\u00f6zt az ELTE-n v\u00e9gezte tanulm\u00e1nyait, matematika-fizika szakos tan\u00e1ri diplom\u00e1t szerzett. A v\u00e9gz\u00e9st k\u00f6vet\u0151 \u00e9vet tudom\u00e1nyos \u00f6szt\u00f6nd\u00edjask\u00e9nt, tov\u00e1bbk\u00e9pz\u00e9s c\u00edm\u00e9n az ELTE \u00c1br\u00e1zol\u00f3 \u00e9s Projekt\u00edv Geometriai Tansz\u00e9k\u00e9n t\u00f6lt\u00f6tte. 1970-ben ker\u00fclt a domb\u00f3v\u00e1ri gimn\u00e1ziumba. Szakmai elm\u00e9ly\u00fclts\u00e9g\u00e9vel, tud\u00e1s\u00e1val, a szakt\u00e1rgyai ir\u00e1nti al\u00e1zat\u00e1val m\u00e1r fiatalon komoly tekint\u00e9lyt szerzett.<\/p>\n\n\n\n<p>1975-t\u0151l \u0151 lett a matematika-fizika munkak\u00f6z\u00f6ss\u00e9g vezet\u0151je. Sz\u00e1mtalan komoly eredm\u00e9nyt \u00e9rt el di\u00e1kjaival tanulm\u00e1nyi versenyeken, sokakat \u00f6szt\u00f6nz\u00f6tt a tudom\u00e1nyos, kutat\u00f3i p\u00e1lya ir\u00e1ny\u00e1ba. Sokr\u00e9t\u0171 tud\u00e1s\u00e1t a r\u00e1 b\u00edzott tanul\u00f3k alapos felk\u00e9sz\u00edt\u00e9s\u00e9ben kamatoztatta. Gener\u00e1ci\u00f3k sz\u00e1m\u00e1ra ny\u00fajtott ezzel er\u0151s alapot a tov\u00e1bbi szakmai sikerekhez eg\u00e9szen 2006. \u00e9vi nyugd\u00edjaz\u00e1s\u00e1ig. 1975-t\u0151l 2006-ig volt a megyei matematika tehets\u00e9ggondoz\u00f3 szakk\u00f6r vezet\u0151je.<\/p>\n\n\n\n<p>Nevel\u0151-oktat\u00f3 munk\u00e1j\u00e1t sz\u00e1mos elismer\u00e9sben r\u00e9szes\u00edtett\u00e9k. Az 1980-as \u00e9vekben kiv\u00e1l\u00f3 munk\u00e1\u00e9rt elismer\u00e9st kapott, 1999-ben elnyerte a Domb\u00f3v\u00e1r K\u00f6zoktat\u00e1s\u00e1\u00e9rt kit\u00fcntet\u00e9st. 1998-ban matematikatan\u00e1ri munk\u00e1j\u00e1\u00e9rt Beke Man\u00f3-d\u00edjat nyert. A 2000-es \u00e9vekben Domb\u00f3v\u00e1r V\u00e1ros k\u00e9pvisel\u0151test\u00fclete Elismer\u0151 D\u00edszjelv\u00e9nnyel t\u00fcntette ki. 2005-ben elnyerte a rangos Ericsson-d\u00edjat, melyet a matematikatan\u00edt\u00e1sban el\u00e9rt eredm\u00e9nyei\u00e9rt, a tudom\u00e1ny n\u00e9pszer\u0171s\u00edt\u00e9s\u00e9\u00e9rt, a tehets\u00e9gek felkarol\u00e1s\u00e1\u00e9rt \u00edt\u00e9lt\u00e9k neki oda.<\/p>\n\n\n\n<p>Vallotta \u00e9s m\u00e9lyen meg\u00e9lte Seneca gondolat\u00e1t: \u201e<em>Homines dum docent, discunt<\/em>\u201d, vagyis \u201e<em>Tan\u00edt\u00e1s k\u00f6zben mi magunk is tanulunk\u201d.<\/em> Freller Mikl\u00f3s tan\u00e1r \u00far hossz\u00fa betegs\u00e9g ut\u00e1n, 2022. janu\u00e1r 15-\u00e9n hunyt el otthon\u00e1ban.<\/p>\n\n\n\n<p>Eml\u00e9k\u00e9re \u00e9s tisztelet\u00e9re feles\u00e9ge, Freller dr. Kov\u00e1cs Anna c\u00edmzetes f\u0151jegyz\u0151n\u0151 hozta l\u00e9tre a Freller Mikl\u00f3s Alap\u00edtv\u00e1nyt.<\/p>\n","protected":false},"excerpt":{"rendered":"<p>A Freller Mikl\u00f3s Alap\u00edtv\u00e1ny n\u00e9vad\u00f3j\u00e1nak r\u00f6vid \u00e9letrajza Freller Mikl\u00f3s a Nagyat\u00e1don t\u00f6lt\u00f6tt gyermek- \u00e9s di\u00e1k\u00e9veket k\u00f6vet\u0151en 1964 \u00e9s 1969 k\u00f6zt az ELTE-n v\u00e9gezte tanulm\u00e1nyait, matematika-fizika szakos tan\u00e1ri diplom\u00e1t szerzett. A v\u00e9gz\u00e9st k\u00f6vet\u0151 \u00e9vet tudom\u00e1nyos \u00f6szt\u00f6nd\u00edjask\u00e9nt, tov\u00e1bbk\u00e9pz\u00e9s c\u00edm\u00e9n az ELTE \u00c1br\u00e1zol\u00f3 \u00e9s Projekt\u00edv Geometriai Tansz\u00e9k\u00e9n t\u00f6lt\u00f6tte. 1970-ben ker\u00fclt a domb\u00f3v\u00e1ri gimn\u00e1ziumba. Szakmai elm\u00e9ly\u00fclts\u00e9g\u00e9vel, tud\u00e1s\u00e1val, a szakt\u00e1rgyai ir\u00e1nti al\u00e1zat\u00e1val m\u00e1r fiatalon komoly tekint\u00e9lyt szerzett. 1975-t\u0151l \u0151 lett &hellip; <a href=\"http:\/\/freller-miklos-alapitvany.illyes-dombovar.hu\/index.php\/az-alapitvany-nevadoja\/\" class=\"more-link\"><span class=\"screen-reader-text\">Az Alap\u00edtv\u00e1ny n\u00e9vad\u00f3ja<\/span> r\u00e9szletei&#8230;<\/a><\/p>\n","protected":false},"author":1,"featured_media":0,"parent":0,"menu_order":0,"comment_status":"closed","ping_status":"closed","template":"","meta":{"ngg_post_thumbnail":0,"footnotes":""},"class_list":["post-121","page","type-page","status-publish","hentry"],"_links":{"self":[{"href":"http:\/\/freller-miklos-alapitvany.illyes-dombovar.hu\/index.php\/wp-json\/wp\/v2\/pages\/121","targetHints":{"allow":["GET"]}}],"collection":[{"href":"http:\/\/freller-miklos-alapitvany.illyes-dombovar.hu\/index.php\/wp-json\/wp\/v2\/pages"}],"about":[{"href":"http:\/\/freller-miklos-alapitvany.illyes-dombovar.hu\/index.php\/wp-json\/wp\/v2\/types\/page"}],"author":[{"embeddable":true,"href":"http:\/\/freller-miklos-alapitvany.illyes-dombovar.hu\/index.php\/wp-json\/wp\/v2\/users\/1"}],"replies":[{"embeddable":true,"href":"http:\/\/freller-miklos-alapitvany.illyes-dombovar.hu\/index.php\/wp-json\/wp\/v2\/comments?post=121"}],"version-history":[{"count":2,"href":"http:\/\/freller-miklos-alapitvany.illyes-dombovar.hu\/index.php\/wp-json\/wp\/v2\/pages\/121\/revisions"}],"predecessor-version":[{"id":152,"href":"http:\/\/freller-miklos-alapitvany.illyes-dombovar.hu\/index.php\/wp-json\/wp\/v2\/pages\/121\/revisions\/152"}],"wp:attachment":[{"href":"http:\/\/freller-miklos-alapitvany.illyes-dombovar.hu\/index.php\/wp-json\/wp\/v2\/media?parent=121"}],"curies":[{"name":"wp","href":"https:\/\/api.w.org\/{rel}","templated":true}]}}

Az Alapítvány névadója

<p><strong>A Freller Miklós Alapítvány névadójának rövid életrajza</strong></p>



<p>Freller Miklós a Nagyatádon töltött gyermek- és diákéveket követően 1964 és 1969 közt az ELTE-n végezte tanulmányait, matematika-fizika szakos tanári diplomát szerzett. A végzést követő évet tudományos ösztöndíjasként, továbbképzés címén az ELTE Ábrázoló és Projektív Geometriai Tanszékén töltötte. 1970-ben került a dombóvári gimnáziumba. Szakmai elmélyültségével, tudásával, a szaktárgyai iránti alázatával már fiatalon komoly tekintélyt szerzett.</p>



<p>1975-től ő lett a matematika-fizika munkaközösség vezetője. Számtalan komoly eredményt ért el diákjaival tanulmányi versenyeken, sokakat ösztönzött a tudományos, kutatói pálya irányába. Sokrétű tudását a rá bízott tanulók alapos felkészítésében kamatoztatta. Generációk számára nyújtott ezzel erős alapot a további szakmai sikerekhez egészen 2006. évi nyugdíjazásáig. 1975-től 2006-ig volt a megyei matematika tehetséggondozó szakkör vezetője.</p>



<p>Nevelő-oktató munkáját számos elismerésben részesítették. Az 1980-as években kiváló munkáért elismerést kapott, 1999-ben elnyerte a Dombóvár Közoktatásáért kitüntetést. 1998-ban matematikatanári munkájáért Beke Manó-díjat nyert. A 2000-es években Dombóvár Város képviselőtestülete Elismerő Díszjelvénnyel tüntette ki. 2005-ben elnyerte a rangos Ericsson-díjat, melyet a matematikatanításban elért eredményeiért, a tudomány népszerűsítéséért, a tehetségek felkarolásáért ítélték neki oda.</p>



<p>Vallotta és mélyen megélte Seneca gondolatát: „<em>Homines dum docent, discunt</em>”, vagyis „<em>Tanítás közben mi magunk is tanulunk”.</em> Freller Miklós tanár úr hosszú betegség után, 2022. január 15-én hunyt el otthonában.</p>



<p>Emlékére és tiszteletére felesége, Freller dr. Kovács Anna címzetes főjegyzőnő hozta létre a Freller Miklós Alapítványt.</p>

<p>A Freller Miklós Alapítvány névadójának rövid életrajza Freller Miklós a Nagyatádon töltött gyermek- és diákéveket követően 1964 és 1969 közt az ELTE-n végezte tanulmányait, matematika-fizika szakos tanári diplomát szerzett. A végzést követő évet tudományos ösztöndíjasként, továbbképzés címén az ELTE Ábrázoló és Projektív Geometriai Tanszékén töltötte. 1970-ben került a dombóvári gimnáziumba. Szakmai elmélyültségével, tudásával, a szaktárgyai iránti alázatával már fiatalon komoly tekintélyt szerzett. 1975-től ő lett &hellip; <a href="http://freller-miklos-alapitvany.illyes-dombovar.hu/index.php/az-alapitvany-nevadoja/" class="more-link"><span class="screen-reader-text">Az Alapítvány névadója</span> részletei&#8230;</a></p>
